f 20327.
20327
What are the prime factors of 13538?
2, 7, 967
What are the prime factors of 21865?
5, 4373
List the prime factors of 1769.
29, 61
What are the prime factors of 783?
3, 29
What are the prime factors of 1244?
2, 311
List the prime factors of 27453.
3, 9151
What are the prime factors of 45043?
31, 1453
What are the prime factors of 12248?
2, 1531
What are the prime factors of 87259?
71, 1229
List the prime factors of 1342.
2, 11, 61
What are the prime factors of 503?
503
What are the prime factors of 1518?
2, 3, 11, 23
List the prime factors of 29848.
2, 7, 13, 41
List the prime factors of 37827.
3, 467
What are the prime factors of 1673?
7, 239
What are the prime factors of 5826?
2, 3, 971
What are the prime factors of 1701?
3, 7
What are the prime factors of 260?
2, 5, 13
What are the prime factors of 586?
2, 293
What are the prime factors of 2613?
3, 13, 67
What are the prime factors of 2755?
5, 19, 29
List the prime factors of 1382.
2, 691
What are the prime factors of 795?
3, 5, 53
What are the prime factors of 2299?
11, 19
What are the prime factors of 660?
2, 3, 5, 11
What are the prime factors of 17233?
19, 907
List the prime factors of 15208.
2, 1901
What are the prime factors of 1087?
1087
What are the prime factors of 948?
2, 3, 79
List the prime factors of 24897.
3, 43, 193
List the prime factors of 82352.
2, 5147
List the prime factors of 1776.
2, 3, 37
What are the prime factors of 107370?
2, 3, 5, 1193
List the prime factors of 16699.
16699
What are the prime factors of 989?
23, 43
What are the prime factors of 3778?
2, 1889
List the prime factors of 57529.
57529
What are the prime factors of 2983?
19, 157
What are the prime factors of 48063?
3, 37, 433
List the prime factors of 1277.
1277
What are the prime factors of 2302?
2, 1151
List the prime factors of 1770.
2, 3, 5, 59
What are the prime factors of 2566?
2, 1283
List the prime factors of 1996.
2, 499
What are the prime factors of 7480?
2, 5, 11, 17
What are the prime factors of 3616?
2, 113
What are the prime factors of 19292?
2, 7, 13, 53
What are the prime factors of 4296?
2, 3, 179
What are the prime factors of 30606?
2, 3, 5101
What are the prime factors of 6799?
13, 523
List the prime factors of 4249.
7, 607
List the prime factors of 4303.
13, 331
List the prime factors of 1532.
2, 383
List the prime factors of 119.
7, 17
What are the prime factors of 58603?
58603
What are the prime factors of 3132?
2, 3, 29
What are the prime factors of 123189?
3, 11, 3733
List the prime factors of 1120.
2, 5, 7
List the prime factors of 2077.
31, 67
What are the prime factors of 94882?
2, 47441
List the prime factors of 1916.
2, 479
What are the prime factors of 1089?
3, 11
List the prime factors of 15143.
19, 797
What are the prime factors of 931?
7, 19
List the prime factors of 1653.
3, 19, 29
What are the prime factors of 1356?
2, 3, 113
List the prime factors of 29800.
2, 5, 149
List the prime factors of 1259.
1259
What are the prime factors of 5785?
5, 13, 89
List the prime factors of 123651.
3, 11, 1249
List the prime factors of 3479.
7, 71
What are the prime factors of 25069?
11, 43, 53
What are the prime factors of 10078?
2, 5039
List the prime factors of 1060.
2, 5, 53
What are the prime factors of 2290?
2, 5, 229
List the prime factors of 1593.
3, 59
List the prime factors of 1987.
1987
List the prime factors of 23057.
23057
What are the prime factors of 885?
3, 5, 59
List the prime factors of 1336.
2, 167
List the prime factors of 15252.
2, 3, 31, 41
List the prime factors of 995.
5, 199
List the prime factors of 14864.
2, 929
List the prime factors of 1003.
17, 59
What are the prime factors of 7815?
3, 5, 521
List the prime factors of 98222.
2, 67, 733
List the prime factors of 67016.
2, 8377
List the prime factors of 7358.
2, 13, 283
List the prime factors of 4215.
3, 5, 281
What are the prime factors of 87173?
179, 487
List the prime factors of 1867.
1867
List the prime factors of 2074.
2, 17, 61
List the prime factors of 12350.
2, 5, 13, 19
List the prime factors of 98283.
3, 181
What are the prime factors of 75080?
2, 5, 1877
List the prime factors of 118946.
2, 59473
What are the prime factors of 1233?
3, 137
What are the prime factors of 23383?
67, 349
What are the prime factors of 322?
2, 7, 23
List the prime factors of 930.
2, 3, 5, 31
What are the prime factors of 207552?
2, 3, 23, 47
List the prime factors of 858.
2, 3, 11, 13
List the prime factors of 2790.
2, 3, 5, 31
List the prime factors of 368.
2, 23
List the prime factors of 2602.
2, 1301
List the prime factors of 35696.
2, 23, 97
List the prime factors of 2574.
2, 3, 11, 13
What are the prime factors of 10353?
3, 7, 17, 29
List the prime factors of 1267.
7, 181
List the prime factors of 4946.
2, 2473
List the prime factors of 4260.
2, 3, 5, 71
List the prime factors of 12262.
2, 6131
What are the prime factors of 9576?
2, 3, 7, 19
What are the prime factors of 19489?
19489
List the prime factors of 2046.
2, 3, 11, 31
What are the prime factors of 9032?
2, 1129
What are the prime factors of 5554?
2, 2777
What are the prime factors of 21078?
2, 3, 1171
List the prime factors of 2467.
2467
List the prime factors of 29289.
3, 13, 751
List the prime factors of 2713.
2713
What are the prime factors of 9760?
2, 5, 61
List the prime factors of 621.
3, 23
List the prime factors of 23227.
23227
List the prime factors of 56482.
2, 31, 911
What are the prime factors of 177335?
5, 29, 1223
What are the prime factors of 95470?
2, 5, 9547
What are the prime factors of 119?
7, 17
List the prime factors of 635.
5, 127
List the prime factors of 142838.
2, 71419
List the prime factors of 2025.
3, 5
List the prime factors of 2770.
2, 5, 277
What are the prime factors of 18527?
97, 191
List the prime factors of 3287.
19, 173
What are the prime factors of 74322?
2, 3, 4129
What are the prime factors of 8337?
3, 7, 397
What are the prime factors of 1208?
2, 151
What are the prime factors of 7633?
17, 449
What are the prime factors of 2896?
2, 181
List the prime factors of 1046.
2, 523
List the prime factors of 1043.
7, 149
What are the prime factors of 23694?
2, 3, 11, 359
What are the prime factors of 1097?
1097
List the prime factors of 2850.
2, 3, 5, 19
What are the prime factors of 784?
2, 7
List the prime factors of 7621.
7621
List the prime factors of 259.
7, 37
What are the prime factors of 847?
7, 11
What are the prime factors of 2476?
2, 619
List the prime factors of 8352.
2, 3, 29
List the prime factors of 5259.
3, 1753
What are the prime factors of 32030?
2, 5, 3203
List the prime factors of 155801.
155801
What are the prime factors of 14481?
3, 1609
What are the prime factors of 157955?
5, 7, 4513
List the prime factors of 11526.
2, 3, 17, 113
What are the prime factors of 4443?
3, 1481
What are the prime factors of 62623?
11, 5693
List the prime factors of 1681.
41
List the prime factors of 36565.
5, 71, 103
List the prime factors of 43539.
3, 23, 631
List the prime factors of 3340.
2, 5, 167
What are the prime factors of 1231?
1231
List the prime factors of 3487.
11, 317
What are the prime factors of 1551?
3, 11, 47
What are the prime factors of 359?
359
List the prime factors of 44062.
2, 22031
What are the prime factors of 3226?
2, 1613
What are the prime factors of 3382?
2, 19, 89
List the prime factors of 90164.
2, 22541
List the prime factors of 48218.
2, 24109
What are the prime factors of 32915?
5, 29, 227
List the prime factors of 693.
3, 7, 11
List the prime factors of 8921.
11, 811
List the prime factors of 8852.
2, 2213
What are the prime factors of 8233?
8233
List the prime factors of 18500.
2, 5, 37
List the prime factors of 245.
5, 7
What are the prime factors of 1069?
1069
What are the prime factors of 18382?
2, 7, 13, 101
List the prime factors of 2507.
23, 109
List the prime factors of 13429.
13, 1033
List the prime factors of 6721.
11, 13, 47
List the prime factors of 318.
2, 3, 53
What are the prime factors of 20113?
20113
List the prime factors of 957.
3, 11, 29
What are the prime factors of 42477?
3, 14159
List the prime factors of 158956.
2, 7, 811
What are the prime factors of 1875?
3, 5
What are the prime factors of 4261?
4261
What are the prime factors of 2046?
2, 3, 1